e 97 = 3*m + 49. Suppose -7*z + 180 = -3*z. What is the remainder when z is divided by m?
13
Suppose -3*f = -4*i - 0*i - 86, -2*f = 3*i - 46. What is the remainder when 128 is divided by f?
24
Let y be ((-10)/6)/(1/(-3)). Suppose -y*z + d = -4, -2*d + 9 = 5*z + 2. What is the remainder when z is divided by 1?
0
Calculate the remainder when 174 is divided by (-1)/(-1)*(14 + -3).
9
Let r(l) = l**2 + l - 7. What is the remainder when r(6) is divided by 10?
5
Suppose 106 = 3*o + 34. Calculate the remainder when o is divided by 5.
4
Let c(o) = -3*o**2 + 2*o - 1. Let u be c(1). Let a(b) = 2*b**2 - 2*b + 1. Let t be a(5). Let i = u + t. What is the remainder when i is divided by 20?
19
Let y be (4/6)/((-3)/(-18)). Suppose 0*f - 28 = -y*f. What is the remainder when f is divided by 4?
3
Calculate the remainder when (-10*70/(-25))/((-1)/(-2)) is divided by 19.
18
Calculate the remainder when (17/(-4))/((-4 + 0)/32) is divided by 12.
10
Let m be ((-1)/(-1))/1*0. What is the remainder when (-1 - m)/(4/(-164)) is divided by 14?
13
Let l = 100 - 57. Let q = 51 + -36. Calculate the remainder when l is divided by q.
13
Let g be (-4 - -2)/(-4)*0. Suppose g = h + h - 12. What is the remainder when 22 is divided by h?
4
Suppose 0 = 3*u - 9. Suppose 5 = 4*r - u. Suppose 76 = r*f - 2*x, f - 2*x - 50 = -5*x. What is the remainder when f is divided by 14?
13
Let i(s) = 6*s**2 + s**2 - s**2 - 2*s**2 + s. What is the remainder when i(-1) is divided by 2?
1
Suppose -5*v = -v - 140. Suppose -3*f - 27 = -6*f. Calculate the remainder when v is divided by f.
8
Let y(h) = -4*h - 1. Calculate the remainder when 32 is divided by y(-3).
10
Let k(x) = -x**2 + 4*x. Let m be k(3). Suppose -50 = -m*h - 2*h. What is the remainder when h is divided by 4?
2
Suppose 328 = -6*v + 10*v. Let o = -2 + 23. Calculate the remainder when v is divided by o.
19
Let f(x) = -2*x + 50. What is the remainder when 22 is divided by f(21)?
6
Let k(v) = v**2 + 9. Let b = 18 - -7. Calculate the remainder when b is divided by k(0).
7
Let p be (-1)/(-1) + -4 + -6. Let c = p + 23. What is the remainder when 27 is divided by c?
13
Suppose -2 = -4*w - 4*x + 2, -2*w - 1 = -x. Suppose 2*f - m - 2 = 21, f - 3*m - 4 = w. Let u(z) = 2*z - 9. What is the remainder when f is divided by u(8)?
6
Calculate the remainder when 49 is divided by 32/(-112) - (484/(-14))/2.
15
Let f(x) = -5*x - 12. What is the remainder when f(-12) is divided by 17?
14
Suppose -55 = -2*r - 3*r. Calculate the remainder when r is divided by 6.
5
Suppose -2*m = -m, -5*m = -4*i + 224. What is the remainder when i is divided by 15?
11
Let m = 13 + -9. Let n be (2 + 1)/((-9)/(-15)). Let t = n + m. Calculate the remainder when 26 is divided by t.
8
Let y(a) = 2*a**2 - 3*a - 1. Let i = -5 - -2. Let g be y(i). Let j = g - 13. What is the remainder when 37 is divided by j?
11
Suppose -4*y - 9 = -5*y. Suppose -l = -4*v + 4*l + 29, y = 3*l. Calculate the remainder when 42 is divided by v.
9
Suppose 3*k - 3 - 6 = 0. Let x(c) = -14*c - 56. What is the remainder when x(-5) is divided by k?
2
Suppose 0 = 2*a - t - 30, 3*a + 5*t + 48 = 7*a. Suppose 2*g + v - 53 = 0, -30 = -2*g + 5*v + a. What is the remainder when g is divided by (0 - -8) + 1/1?
8
Let k(h) = -h**2 + 10*h - 5. Let o be k(7). Suppose j - 12 = -2*v, -v - 3*j - 9 = -4*v. Let d = o - v. Calculate the remainder when 21 is divided by d.
10
Suppose -4*b + 5*y = -226, 2*b - b + y - 52 = 0. Suppose i = -4*n + b, 2*n = i - 61 - 5. Calculate the remainder when i is divided by 16.
14
Let k = -33 - -49. What is the remainder when 63 is divided by k?
15
Let g = 66 + -14. Suppose -a - a + 3*r + g = 0, -a - r = -26. Calculate the remainder when a is divided by 2*(-3)/((-12)/14).
5
Let h = 7 + 5. Calculate the remainder when 57 is divided by h.
9
Let p = 63 + -36. What is the remainder when 51 is divided by p?
24
Suppose -2*y = 3*y - 15. Let m = -232 + 346. What is the remainder when 55 is divided by (m/(-1*y))/(-2)?
17
Let o(c) = c**3 - 21*c**2 + c + 1. What is the remainder when o(21) is divided by 4?
2
Let a(k) = 2*k**2 - 3*k - 11. Calculate the remainder when a(4) is divided by 6.
3
Let v(o) = -o + 9. What is the remainder when (-21)/(4/((-16)/6)) is divided by v(4)?
4
Suppose 0 = 6*a - 2*a - 20, w + 4*a - 24 = 0. Suppose 6 = 3*u, 2*i - 4*i - 4*u + 2 = 0. What is the remainder when (1 + i)/(8/(-28)) is divided by w?
3
Let h(b) be the second derivative of -7*b**3/6 - b**2 - 2*b. Let x(j) = j**3 + j**2 - 3*j + 4. Let s be x(-3). What is the remainder when h(s) is divided by 17?
16
Let h(c) = c + 28. Suppose -5*o = -o. What is the remainder when h(o) is divided by 15?
13
Suppose -3*w = 3 + 12. Let c(y) = -y**3 + 17*y**2 - 13*y - 19. Calculate the remainder when c(16) is divided by -15*(1 - w/(-3)).
9
Let h(b) = 51*b**2 - 2*b + 3. Let v be h(2). Suppose -4*w = -v - 29. What is the remainder when w is divided by 20?
18
Suppose -3*g = g - 100. What is the remainder when g is divided by 13?
12
Let d(t) = t**3 + 6*t**2 - 8*t - 8. Let s be d(-7). Let u be 162/(-8) + s/(-4). Let y = -7 - u. Calculate the remainder when 37 is divided by y.
11
Let b = 36 - 11. What is the remainder when 122 is divided by b?
22
Let m = 5 - -8. Let v(t) = -t**2 + 3. Let w be v(2). Let h(s) = 7*s**2 + s - 1. Calculate the remainder when m is divided by h(w).
3
Let x(f) = -2*f - 6. Let b(k) = -k**2 + 4*k + 11. Let i(p) = -4*b(p) - 7*x(p). Let v(n) = n**2 + 7*n + 10. What is the remainder when v(-8) is divided by i(2)?
8
Suppose -2*x = 3*h + 5, -3*h + 5 = 2. Let n be (-1 - 0)*-1 - x. Suppose -p + 2*y - 2 = -7, -2*y = -n*p + 33. What is the remainder when p is divided by 3?
1
Suppose -2*k - 2*r = -102, 4*r - 14 = 6. What is the remainder when k is divided by 17?
12
Let h(r) = -r**3 - 16*r**2 - 6*r + 2. What is the remainder when h(-16) is divided by 25?
23
Let x = -71 + 39. Let y = x - -125. What is the remainder when 18 is divided by y/9 + 1/(-3)?
8
Let w = 90 - 64. Calculate the remainder when 57 is divided by (w - -1) + (-1 - -3).
28
Let y = -3 - -12. Let v(k) = -k + 13. Calculate the remainder when 10 is divided by v(y).
2
Suppose 0*n - n + 70 = 0. What is the remainder when 66 is divided by (46/5)/(28/n)?
20
Let q(n) = -5*n + 5*n - 4*n. Let x be q(8). Let a = x - -54. Calculate the remainder when a is divided by 8.
6
Suppose 0 = -5*t - 6*t + 110. Suppose -3*r - a + 57 = 3*a, a + 57 = 3*r. What is the remainder when r is divided by t?
9
Suppose 3*c - 2*s = -4*s - 4, -4 = 2*c + s. What is the remainder when ((-245)/14)/(2/c) is divided by 12?
11
Let d(v) = v**3 - 3*v**2 - 2*v + 2. Suppose 3*z = -z + 2*r + 136, -2*z + 5*r + 76 = 0. Let g = -5 + z. Calculate the remainder when g is divided by d(4).
8
Suppose -3*k - 3 = -9. Suppose -5*u = -5*h - u + 8, 2*u + 4 = 0. Suppose -1 = r - h, 0 = 5*m - 2*r - 22. What is the remainder when m is divided by k?
0
Let n = 9 - -2. Calculate the remainder when 41 is divided by n.
8
Let l = -27 + 34. What is the remainder when 20 is divided by l?
6
Let x(a) = 2*a - 3. Let l be 1 + 1 + (-4 - -5). What is the remainder when x(4) is divided by 0 + (0 + l)*1?
2
Let m be ((-10)/8)/((-6)/48). Let k(r) = -r**3 + 10*r**2 + 3*r + 6. Calculate the remainder when k(m) is divided by 10.
6
Let b(j) = 3*j - 7. Calculate the remainder when b(9) is divided by 11.
9
Let l = 19 + 1. Let j = -10 + l. Calculate the remainder when 17 is divided by j.
7
Let f = 6 + -3. Suppose 5*y - 8 = f*y. Suppose -3*z + 20 = q + 2*z, y = -4*z. Calculate the remainder when q is divided by 13.
12
Suppose -19 = u - 31. Calculate the remainder when 35 is divided by u.
11
Suppose -6*o = -3*o - 36. Suppose 2*b = -7 - 5. Calculate the remainder when o is divided by 11 + (-1 - b/(-2)).
5
Let v(i) = -i**3 + 6*i**2 - 2*i + 21. Calculate the remainder when 60 is divided by v(6).
6
Let k(b) = 37*b**3 + b**2 - 4*b + 3. Calculate the remainder when k(1) is divided by 17.
3
Suppose x = 1 + 12. Let h(q) = q**3 + 8*q**2 - 4*q - 9. Calculate the remainder when h(-8) is divided by x.
10
Let n(p) = -2*p - 11. What is the remainder when n(-8) is divided by 4?
1
Suppose -4 = -4*f + 3*f. Calculate the remainder when f is divided by 3.
1
Let j(f) be the first derivative of f**2/2 + f + 2. What is the remainder when 4 is divided by j(2)?
1
Let u = 231 + -349